{"id":65,"date":"2024-06-17T09:01:41","date_gmt":"2024-06-17T09:01:41","guid":{"rendered":"https:\/\/okkalboho.hu\/?page_id=65"},"modified":"2024-06-17T09:01:41","modified_gmt":"2024-06-17T09:01:41","slug":"hazirend","status":"publish","type":"page","link":"https:\/\/okkalboho.hu\/?page_id=65","title":{"rendered":"H\u00e1zirend"},"content":{"rendered":"\n<blockquote class=\"wp-block-quote is-style-default has-custom-sz-n-1-color has-text-color has-background has-link-color wp-elements-98abbe7e4778692c0c68a6bf6f34bdfd is-layout-flow wp-container-core-quote-is-layout-e3d1c41b wp-block-quote-is-layout-flow\" style=\"background-color:#814e07\">\n<p>\u00dcdv\u00f6z\u00f6lj\u00fck az Okkal Boh\u00f3 Vend\u00e9gh\u00e1zban!<\/p>\n\n\n\n<p>C\u00e9l\u00fcnk, hogy biztos\u00edtsuk az \u00d6n kellemes pihen\u00e9s\u00e9t \u00e9s elker\u00fclj\u00fck az esetleges f\u00e9lre\u00e9rt\u00e9seket, ez\u00e9rt szeretn\u00e9nk, ha megismerkedne h\u00e1zirend\u00fcnkkel!<\/p>\n\n\n\n<p>A foglal\u00e1sn\u00e1l felt\u00e9telezhet\u0151, hogy \u00d6n ismeri, \u00e9s elfogadja ezt a h\u00e1zirendet, valamint, hogy az betart\u00e1sra ker\u00fcl.<\/p>\n\n\n\n<p>A vend\u00e9gh\u00e1zunkat mag\u00e1nsz\u00e1ll\u00e1s keretein bel\u00fcl m\u0171k\u00f6dtetj\u00fck.<\/p>\n\n\n\n<p>\u00c9rkez\u00e9skor a vend\u00e9g k\u00f6teles a sz\u00e1ll\u00e1sad\u00f3nak \u00e1tadni adatfelv\u00e9tel miatt a szem\u00e9lyes dokumentumait (\u00fatlev\u00e9l vagy szem\u00e9lyi igazolv\u00e1ny, lakc\u00edmk\u00e1rtya), \u00e9s a helysz\u00ednen fizetend\u0151 \u00f6sszeget. Vend\u00e9geink a szob\u00e1kat csak a teljes r\u00e9szv\u00e9teli d\u00edj kifizet\u00e9se ut\u00e1n foglalhatj\u00e1k el!<\/p>\n\n\n\n<p>Foglal\u00e1st minimum k\u00e9t \u00e9jszak\u00e1t\u00f3l \u00e1ll m\u00f3dunkbn elfogadni.<\/p>\n\n\n\n<p>A teljes r\u00e9szv\u00e9teli d\u00edj alatt az el\u0151re lefoglalt napokat \u00e9rtj\u00fck, abban az esetben ha \u00fagy d\u00f6ntenek, az itt tart\u00f3zkod\u00e1st el\u0151bb szak\u00edtj\u00e1k meg, nem \u00e1ll m\u00f3dunkban a p\u00e9nzt visszafizetni.<\/p>\n\n\n\n<p>Fizet\u00e9si lehet\u0151s\u00e9gek: k\u00e9szp\u00e9nz, bankk\u00e1rtya, sz\u00e9p k\u00e1rtya, utal\u00e1s. Elfogadott p\u00e9nznemek: Forint (Ft) \u00e9s Eur\u00f3. (\u20ac)<\/p>\n\n\n\n<p>A sz\u00e1ll\u00e1s az \u00e9rkez\u00e9s napj\u00e1n 14.00 \u00e9s 20.00&nbsp; k\u00f6z\u00f6tt lehet elfoglalni. K\u00e9rj\u00fck, \u00e9rkez\u00e9se v\u00e1rhat\u00f3 idej\u00e9r\u0151l mindenk\u00e9ppen t\u00e1j\u00e9koztasson minket! Ha ezt elmulasztja megeshet, hogy nem tudjuk fogadni.<\/p>\n\n\n\n<p>A t\u00e1voz\u00e1s napj\u00e1n 14.00-ig kell elhagyni a sz\u00e1ll\u00e1shelyet, &nbsp;ellenkez\u0151 esetben fel\u00e1rat sz\u00e1molunk fel.<\/p>\n\n\n\n<p>Vend\u00e9geink \u00e9rkez\u00e9skor h\u00e1z \u00e9s kapu kulcsot is kapnak, hogy szabadon k\u00f6zlekedhessenek. A t\u00e1voz\u00e1s napj\u00e1n k\u00e9rj\u00fck a kulcsot visszaadni az el\u0151re megbesz\u00e9lt t\u00e1voz\u00e1si id\u0151pontban!<\/p>\n\n\n\n<p>Az \u00e1tadott kulcsok esetleges elveszt\u00e9se eset\u00e9n a vend\u00e9gek k\u00f6telesek azt halad\u00e9ktalanul jelezni, \u00e9s annak \u00e1r\u00e1t, illetve a z\u00e1rcser\u00e9t a sz\u00e1ll\u00e1sad\u00f3nak megt\u00e9r\u00edteni.<\/p>\n\n\n\n<p>Vend\u00e9gh\u00e1zunk csal\u00e1di v\u00e1llalkoz\u00e1s, munkaid\u0151nk v\u00e1ltozatos (legink\u00e1bb vend\u00e9geink \u00e9rkez\u00e9si idej\u00e9hez igaz\u00edtjuk), de ig\u00e9ny eset\u00e9n rendelkez\u00e9sre \u00e1llunk \u00e9rkez\u00e9si \u00e9s t\u00e1voz\u00e1si id\u0151pontban is.<\/p>\n\n\n\n<p>Az apartman elhagy\u00e1sakor az \u00e1tvett kl\u00edma kapcsol\u00f3t vissza kell adni. Az apartman elhagy\u00e1sakor az ajt\u00f3kat, ablakokat k\u00e9rj\u00fck bez\u00e1rni. A l\u00e9gkondicion\u00e1l\u00f3 (kl\u00edma) berendez\u00e9s haszn\u00e1lata kiz\u00e1r\u00f3lag az apartmanban tart\u00f3zkod\u00e1s alkalm\u00e1val, z\u00e1rt ablakok \u00e9s ajt\u00f3k m\u00f6g\u00f6tt a megengedett.<\/p>\n\n\n\n<p>A sz\u00e1ll\u00e1shelyet csak az el\u0151re egyeztetett l\u00e9tsz\u00e1mban vehetik ig\u00e9nybe a vend\u00e9gek.<\/p>\n\n\n\n<p>Csecsem\u0151 r\u00e9sz\u00e9re utaz\u00f3 \u00e1gyat vagy kis\u00e1gyat el\u0151zetes bejelent\u00e9sre tudunk biztos\u00edtani.<\/p>\n\n\n\n<p>A sz\u00e1ll\u00e1shelyen l\u00e1togat\u00f3kat kiz\u00e1r\u00f3lag napk\u00f6zben lehet fogadni, a sz\u00e1ll\u00e1sad\u00f3 enged\u00e9ly\u00e9vel.<\/p>\n\n\n\n<p>A sz\u00e1ll\u00e1sad\u00f3 jogosult \u2013 el\u0151zetes bejelent\u00e9s n\u00e9lk\u00fcl \u2013 ellen\u0151rizni, hogy a sz\u00e1ll\u00e1shelyen az el\u0151re bejelentett illetve kifizetett l\u00e9tsz\u00e1mban tart\u00f3zkodnak-e a vend\u00e9gek.<\/p>\n\n\n\n<p>Szob\u00e1inkban, apartmanban doh\u00e1nyozni tilos, csak az udvaron megengedett. (Minden alternat\u00edv doh\u00e1nyterm\u00e9kre vonatkozik!) A csikkeket k\u00e9rj\u00fck, az erre a c\u00e9lra fenntartott hamutart\u00f3kba sz\u00edveskedjenek eldobni!<\/p>\n\n\n\n<p>Kutya- \u00e9s macskabar\u00e1t sz\u00e1ll\u00e1shely vagyunk, k\u00e9rj\u00fck foglal\u00e1skor jelezze kedvence \u00e9rkez\u00e9s\u00e9t is!<\/p>\n\n\n\n<p>A szob\u00e1kban hagyott szem\u00e9lyes t\u00e1rgyak\u00e9rt felel\u0151ss\u00e9get nem v\u00e1llalunk!<\/p>\n\n\n\n<p>K\u00e9rj\u00fck, hogy figyeljenek a rendre, \u00f3vj\u00e1k a h\u00e1z berendez\u00e9s\u00e9t, \u00e9s azokat ne vigy\u00e9k ki a szob\u00e1b\u00f3l (pl: t\u00f6r\u00f6lk\u00f6z\u0151, kisp\u00e1rna, takar\u00f3)!<\/p>\n\n\n\n<p>A h\u00e1z elhagy\u00e1sakor, k\u00e9rj\u00fck z\u00e1rj\u00e1k el a vizet, villanyt, csukj\u00e1k be az ablakot, \u00e9s z\u00e1rj\u00e1k be az ajt\u00f3t!<\/p>\n\n\n\n<p>Ig\u00e9ny eset\u00e9n a cser\u00e9pk\u00e1lyh\u00e1ba \u00e9s a kandall\u00f3ba \u00e9rkez\u00e9s\u00fckre begy\u00fajtunk, a t\u0171z t\u00e1pl\u00e1l\u00e1s\u00e1hoz elegend\u0151 t\u00fczif\u00e1t biztos\u00edtunk! A kandall\u00f3 \u00e9s a cser\u00e9pk\u00e1lyha ajtaj\u00e1t mindenkor becsukni sz\u00edveskedjenek, k\u00fcl\u00f6n\u00f6sen t\u00e1voz\u00e1skor ellen\u0151rizz\u00e9k, hogy az ajt\u00f3k z\u00e1rva vannak. T\u0171z eset\u00e9n haszn\u00e1lj\u00e1k a kihelyezett porralolt\u00f3kat majd \u00e9rtes\u00edts\u00e9k a t\u0171zolt\u00f3kat \u00e9s az \u00fczemeltet\u0151t!<\/p>\n\n\n\n<p>A sz\u00e1ll\u00e1s ter\u00fclet\u00e9n okozott k\u00e1rt a k\u00e1rokoz\u00f3, vagy annak t\u00f6rv\u00e9nyes k\u00e9pvisel\u0151je k\u00f6teles megt\u00e9r\u00edteni.<\/p>\n\n\n\n<p>K\u00e9rj\u00fck vend\u00e9geinket, hogy a szob\u00e1kban ne \u00e9tkezzenek! \u00c9tkez\u00e9sre haszn\u00e1lj\u00e1k a konyh\u00e1t, vagy a teraszt, melyet k\u00e9rj\u00fck, tartsanak tiszt\u00e1n!&nbsp;<\/p>\n\n\n\n<p>Fenntartjuk a jogot a vend\u00e9gk\u00f6r\u00fcnk megv\u00e1logat\u00e1s\u00e1ra. Ittas \u00e1llapot\u00fa vagy m\u00e1s tudatm\u00f3dos\u00edt\u00f3 szer hat\u00e1sa alatt \u00e1ll\u00f3, agressz\u00edv hajlam\u00fa vend\u00e9geket nem fogadunk!<\/p>\n\n\n\n<p>A tulajdonos jog\u00e1ban \u00e1ll lemondani a sz\u00e1ll\u00e1st, ha a vend\u00e9g nem tartja be a h\u00e1zirendet.<\/p>\n\n\n\n<p>A h\u00e1zirend megs\u00e9rt\u00e9se eset\u00e9n, a sz\u00e1ll\u00e1s lemond\u00e1sra ker\u00fclhet. Ebben az esetben a vend\u00e9gnek nem \u00e1ll m\u00f3dunkban visszafizetni az esetlegesen fennmarad\u00f3 napokat.<\/p>\n\n\n\n<p>Amennyiben a tart\u00f3zkod\u00e1s alatt az apartmannal, szob\u00e1val kapcsolatban b\u00e1rmilyen probl\u00e9ma felmer\u00fcl, k\u00e9rj\u00fck, halad\u00e9ktalanul \u00e9rtes\u00edtse arr\u00f3l a sz\u00e1ll\u00e1sad\u00f3t. Ut\u00f3lagos reklam\u00e1ci\u00f3t nem \u00e1ll m\u00f3dunkban elfogadni!<\/p>\n\n\n\n<p>A sz\u00e1ll\u00e1shelyen hagyott \u00e9rt\u00e9kek\u00e9rt a sz\u00e1ll\u00e1sad\u00f3 nem v\u00e1llal felel\u0151ss\u00e9get. Az apartmanhoz tartoz\u00f3 \u00e9rt\u00e9kek, t\u00e1rgyak v\u00e9delme a vend\u00e9g felel\u0151ss\u00e9g k\u00f6r\u00e9be tartozik.<\/p>\n\n\n\n<p>A sz\u00e1ll\u00e1sd\u00edj tartalmazza a k\u00f6z\u00fczemi d\u00edjakat \u00e9s egy\u00e9b rezsi k\u00f6lts\u00e9geket, az \u00e1gynem\u0171t huzattal, egy h\u00e9ten t\u00fali tart\u00f3zkod\u00e1s eset\u00e9n heti \u00e1gynem\u0171cser\u00e9t, valamint a v\u00e9gs\u0151 takar\u00edt\u00e1st.<\/p>\n\n\n\n<p>A vizes ruh\u00e1kat, t\u00f6r\u00f6lk\u00f6z\u0151ket az erre alkalmas ruhasz\u00e1r\u00edt\u00f3ra k\u00e9rj\u00fck elhelyezni \u00e9s ne az apartman korl\u00e1taira vagy sz\u00e9kekre stb. K\u00e9rj\u00fck, \u00fcgyeljenek a rendre \u00e9s a tisztas\u00e1gra. Elutaz\u00e1skor az apartmanban, szob\u00e1ban k\u00e9rj\u00fck, ne hagyjanak mosatlan ed\u00e9nyt, ill. szemetet.<\/p>\n\n\n\n<p>A konyhaszekr\u00e9nyben kisebb els\u0151seg\u00e9ly-csomagot tal\u00e1l. Nagyobb baj eset\u00e9n h\u00edvja a 112-es seg\u00e9lyh\u00edv\u00f3 sz\u00e1mot!<\/p>\n\n\n\n<p>Az apartmant a vend\u00e9gek tiszt\u00e1n kapj\u00e1k meg, ottl\u00e9t\u00fck alatt maguknak kell takar\u00edtani!<\/p>\n\n\n\n<p>A h\u00e1ztart\u00e1si szem\u00e9t gy\u0171jt\u00e9se a konyh\u00e1ban tal\u00e1lhat\u00f3 szemetesben lehet.<\/p>\n\n\n\n<p>Amennyiben azok megtelnek az udvaron l\u00e9v\u0151 kuk\u00e1ban helyezz\u00e9k el azokat!<\/p>\n\n\n\n<p>\u00c9tkez\u00e9s: Az apartman j\u00f3l felszerelt konyh\u00e1val rendelkezik. K\u00e9rj\u00fck a tisztas\u00e1gra \u00fcgyelni! A mikrohull\u00e1m\u00fa s\u00fct\u0151be f\u00e9met tartalmaz\u00f3 ed\u00e9nyt ne tegyen be! A konyh\u00e1ban alap\u00e9lelmiszerek \u00e1llnak rendelkez\u00e9s\u00fckre.<\/p>\n\n\n\n<p>Az udvaron tal\u00e1lhat\u00f3 kijel\u00f6lt bogr\u00e1csoz\u00f3 \u00e9s grillez\u0151 hely, kinti konyh\u00e1val. T\u00fczet rakni kiz\u00e1r\u00f3lag ott, sz\u00e9lcsendben, egy v\u00f6d\u00f6r olt\u00f3v\u00edzzel felszerelkezve lehet. A t\u0171zrak\u00e1s ut\u00e1n k\u00e9rj\u00fck a Vend\u00e9geket a szem\u00e9t elt\u00e1vol\u00edt\u00e1s\u00e1ra az eszk\u00f6z\u00f6k letiszt\u00edt\u00e1s\u00e1ra \u00e9s a par\u00e1zs elolt\u00e1s\u00e1ra.<\/p>\n\n\n\n<p>A sz\u00e1ll\u00e1s ig\u00e9nybev\u00e9tel\u00e9vel mag\u00e1t\u00f3l \u00e9rtet\u0151dik, hogy a vend\u00e9g elolvasta, meg\u00e9rtette \u00e9s elfogadta a h\u00e1zirendben foglaltakat.<\/p>\n\n\n\n<p>Szolg\u00e1ltat\u00e1saink k\u00e9rhet\u0151k az \u00fczemeltet\u0151t\u0151l: eserny\u0151-,varr\u00f3k\u00e9szlet-,cip\u0151\u00e1pol\u00f3k-, baba\u00e1gy, etet\u0151, babak\u00e1d, wc-sz\u0171k\u00edt\u0151, fell\u00e9p\u0151ke.<\/p>\n\n\n\n<p>Hosszabb tart\u00f3zkod\u00e1s eset\u00e9n hetente \u00e1gynem\u0171csere \u00e9s takar\u00edt\u00e1s biztos\u00edtott.<\/p>\n\n\n\n<p>Amennyiben el\u00e9gedettek a sz\u00e1ll\u00e1s szolg\u00e1ltat\u00e1saival, k\u00e9rj\u00fck \u00edrjanak v\u00e9lem\u00e9nyt online fel\u00fcleteinken. B\u00e1rmilyen k\u00e9rd\u00e9s\u00fck van forduljanak hozz\u00e1nk bizalommal.<\/p>\n\n\n\n<p>Kellemes kikapcsol\u00f3d\u00e1st \u00e9s j\u00f3 pihen\u00e9st k\u00edv\u00e1nunk!<\/p>\n\n\n\n<p>Szabolcs \u00c9va<\/p>\n\n\n\n<p>0-24 Telefonos \u00fcgyelet: +36-70\/251 -29-80<\/p>\n<\/blockquote>\n","protected":false},"excerpt":{"rendered":"<p>\u00dcdv\u00f6z\u00f6lj\u00fck az Okkal Boh\u00f3 Vend\u00e9gh\u00e1zban! C\u00e9l\u00fcnk, hogy biztos\u00edtsuk az \u00d6n kellemes pihen\u00e9s\u00e9t \u00e9s elker\u00fclj\u00fck az esetleges f\u00e9lre\u00e9rt\u00e9seket, ez\u00e9rt szeretn\u00e9nk, ha megismerkedne h\u00e1zirend\u00fcnkkel! A foglal\u00e1sn\u00e1l felt\u00e9telezhet\u0151, hogy \u00d6n ismeri, \u00e9s elfogadja ezt a h\u00e1zirendet, valamint, hogy az betart\u00e1sra ker\u00fcl. A vend\u00e9gh\u00e1zunkat mag\u00e1nsz\u00e1ll\u00e1s keretein bel\u00fcl m\u0171k\u00f6dtetj\u00fck. \u00c9rkez\u00e9skor a vend\u00e9g k\u00f6teles a sz\u00e1ll\u00e1sad\u00f3nak \u00e1tadni adatfelv\u00e9tel miatt a szem\u00e9lyes [&hellip;]<\/p>\n","protected":false},"author":1,"featured_media":57,"parent":0,"menu_order":0,"comment_status":"closed","ping_status":"closed","template":"","meta":{"footnotes":""},"class_list":["post-65","page","type-page","status-publish","has-post-thumbnail","hentry"],"_links":{"self":[{"href":"https:\/\/okkalboho.hu\/index.php?rest_route=\/wp\/v2\/pages\/65","targetHints":{"allow":["GET"]}}],"collection":[{"href":"https:\/\/okkalboho.hu\/index.php?rest_route=\/wp\/v2\/pages"}],"about":[{"href":"https:\/\/okkalboho.hu\/index.php?rest_route=\/wp\/v2\/types\/page"}],"author":[{"embeddable":true,"href":"https:\/\/okkalboho.hu\/index.php?rest_route=\/wp\/v2\/users\/1"}],"replies":[{"embeddable":true,"href":"https:\/\/okkalboho.hu\/index.php?rest_route=%2Fwp%2Fv2%2Fcomments&post=65"}],"version-history":[{"count":2,"href":"https:\/\/okkalboho.hu\/index.php?rest_route=\/wp\/v2\/pages\/65\/revisions"}],"predecessor-version":[{"id":396,"href":"https:\/\/okkalboho.hu\/index.php?rest_route=\/wp\/v2\/pages\/65\/revisions\/396"}],"wp:featuredmedia":[{"embeddable":true,"href":"https:\/\/okkalboho.hu\/index.php?rest_route=\/wp\/v2\/media\/57"}],"wp:attachment":[{"href":"https:\/\/okkalboho.hu\/index.php?rest_route=%2Fwp%2Fv2%2Fmedia&parent=65"}],"curies":[{"name":"wp","href":"https:\/\/api.w.org\/{rel}","templated":true}]}}